/12 + 5*f**3/3 + 13*f**2/2 - 96*f. What is o(12)?
-11
Let u be -1*(-2)/(-4)*2. Let j be (-1)/(u + (-5)/(-4)). Let f(t) = 3*t**2 + 4. Let y(b) = -4*b**2 - b - 4. Let q(i) = -6*f(i) - 5*y(i). What is q(j)?
8
Let a = 109 + 238. Let r(x) = -x**2 - a*x + 350*x - 1 + 0. Give r(5).
-11
Let q(w) be the third derivative of -w**6/120 + w**5/10 + w**4/3 - 2*w**3/3 + 11*w**2. Let f be (1 - -1) + 0 + 5. Determine q(f).
3
Suppose -4*q - 12 = -4*g, 13*q - 11*q - 42 = -4*g. Let z(b) = b - 6. Determine z(g).
2
Suppose 0*q + 114 = 57*q. Let c(v) = 0 - 1 + 2*v - v. Determine c(q).
1
Let t(r) = r**3 + 11*r**2 + 10. Suppose 53 = -5*z - 2. Calculate t(z).
10
Let q(v) = -v**2 + 4*v. Let l be (6 - 0)/(-4 + (11 - 5)). Let g be (-1 + 2/l)/((-2)/30). Calculate q(g).
-5
Suppose -3 = -g + s, 55*g - 51*g - 12 = 3*s. Let k(d) be the second derivative of 0 - g*d - 1/12*d**4 + 0*d**3 - 11/2*d**2. Calculate k(0).
-11
Let d be 6/2 - (-52 + 3). Let x be d/9 - (-4)/18. Let y(s) = 4*s + s + x - 9*s - 2. Calculate y(3).
-8
Let x(m) = -m**3 - m + 1. Let r = -66 - -53. Let v be 4/26 + 2/r. Calculate x(v).
1
Suppose -2*d - f + 1 = 0, 4*f - 5*f = 5*d - 1. Let h(c) = -c**2 + 2. Calculate h(d).
2
Let k(f) = 6*f - 1. Suppose 0 = 3*b - 3*c - 3, -4*b + 0*c + 12 = -2*c. Suppose -4*t - b = -13. Suppose 6 = d - i + t, 0 = -3*i - 9. Determine k(d).
5
Let z(c) be the second derivative of 38*c + 0 + 1/2*c**2 - 1/3*c**3. Calculate z(5).
-9
Let j(w) = w**2 - w - 24. Let k be (-7 - -7)/(3 + -6). Calculate j(k).
-24
Let w(c) = -3*c - 9. Let r(n) = -5*n - 17. Let t(i) = 4*r(i) - 7*w(i). Let v(d) = -19*d - 13*d + 34*d - 17. Let f be v(11). What is t(f)?
0
Let y(m) = m**3 + 3*m**2 - m - 3. Let c be y(2). Suppose 3*i = 4*g + 29, 0*i - 3*g = 3*i - c. Let a(s) = -3*s**2 + 4*s**2 + 1 - 8*s - 2. Calculate a(i).
-8
Let f(t) be the first derivative of -t**2/2 + 4*t - 28. Let l(u) = 2*u**2 - 29*u + 19. Let g be l(14). What is f(g)?
-1
Let s(p) = p + 31. Let g be s(-21). Let o(m) = -m + 7. Calculate o(g).
-3
Let v(n) = 8*n - 6*n**2 - 3 + 0*n**3 - 12*n**2 - 10*n**3 + 3*n**2. Let r(c) = 3*c**3 + 5*c**2 - 3*c + 1. Let o(q) = -7*r(q) - 2*v(q). Give o(-6).
5
Let d = -22 + 19. Let v be -4*(d + 5 - 3). Let n(b) = -2 - b + v - 3. What is n(0)?
-1
Suppose 4*s = 3*s + 4*n + 1, -5*n = 0. Suppose 3*w = -3*o, o + o - s = -w. Let l(g) = -2*g + g**2 - 7*g**3 + 0 + 2 - 1. Determine l(o).
-7
Let d(x) = -11*x**2 + 18*x - 7. Let m(h) = -7*h**2 + 12*h - 5. Let y(a) = 5*d(a) - 8*m(a). Let t = -114 + 120. Give y(t).
5
Let t(m) = -m**2 + 10*m - 4. Let i(p) = -p + 4. Let n be i(0). Give t(n).
20
Suppose a - 7 = 2*m + 3*m, -5*a = -m + 85. Let r = a + 26. Let l(p) = r*p - 6*p + 2 + 6*p + 0. Determine l(2).
18
Let o(t) = -5*t - 4. Let i(s) = 2*s + 5. Let p(r) = -6*r + 3*r + 2*r - r - 4. Let b(z) = 4*i(z) + 6*p(z). Let g(f) = -4*b(f) + 3*o(f). What is g(4)?
8
Let v(o) be the third derivative of -o**5/15 - o**4/24 + o**3/3 - 80*o**2. Determine v(2).
-16
Let q(c) = 3*c - 3. Let s(k) = k - 1. Let w(h) = q(h) - 4*s(h). Let u(n) = -4*n + 5. Let x(t) = -2*u(t) + 6*w(t). What is x(-4)?
-12
Let d(a) = 0*a + 4*a - 6*a**2 + 5 - a + 10*a**2 + 0*a. Determine d(-2).
15
Let p(h) = -h + 1. Let o(w) = 2*w**3 - 4*w**2 + w + 2. Let y be o(2). Suppose y*d - 4*q + 12 = 0, -2*q + 12 = -2*d - 3*d. Give p(d).
3
Let q(t) = -t**2 - 8*t + 2. Let w be q(-8). Let x(m) = -2*m - 6*m**2 + 12*m**w + 3 - 5*m**2. Let v be 4 + (2/1)/(-2). Determine x(v).
6
Let p(l) = 1 + 6*l + 3*l**2 + 4 - 2*l**2. Let u(d) = d**3 - 12*d**2 - 9*d + 28. Let x be u(13). Let o be (-2 - 7/(-2))/((-20)/x). Determine p(o).
5
Let q(c) = c + 14. Let x(u) = u + 14. Let b(y) = 4*q(y) - 3*x(y). What is b(-6)?
8
Let m = 3 + -6. Let r(f) = -5*f - 2. Let s(o) be the third derivative of o**4/12 + o**3/6 + 21*o**2. Let h(z) = -3*r(z) - 8*s(z). Determine h(m).
1
Suppose 26*m = -39*m + 260. Let f(k) be the third derivative of -k**4/8 + k**3 - 2*k**2. Give f(m).
-6
Suppose -5*s - 29 + 40 = -2*f, -5*s + 3*f = -14. Let y(k) be the first derivative of -s - 1/3*k**3 - k - k**2. Calculate y(-3).
-4
Let o(z) = -4*z + 3*z + 2 - 2. What is o(-4)?
4
Let z(c) = 6*c**2 + 11*c - 2. Let o(a) = -5*a**2 - 12*a + 1 - 14*a + 16*a. Let y(l) = 7*o(l) + 6*z(l). What is y(5)?
0
Suppose -3*z = 5*x - 16 - 16, 0 = -3*z + 4*x + 23. Let n(h) = 13*h - 3*h + 1 + 0 - z*h. Give n(-5).
-4
Let a(x) = x**2 + x - 31. Let g = -22 + 20. Let v be g/(-7) - (-4 + (-60)/(-14)). What is a(v)?
-31
Let f(l) = l**2. Let m(i) = -2*i**2 - 5*i + 1. Let z(n) = 3*f(n) + m(n). Let c(a) = 2*a - 27. Let x be c(-11). Let w = 53 + x. What is z(w)?
-3
Let x(d) = d - 17. Let q be x(15). Let y(p) = 36*p - 1 + 0*p**3 + p**3 - 3*p**2 - 39*p. What is y(q)?
-15
Let n(d) = d**3 + 19*d**2 - 2. Let j be (7 + (-4 - -16))*-1. Determine n(j).
-2
Let g(y) be the third derivative of 7*y**5/30 - y**4/12 + y**3/6 - 184*y**2 - y. What is g(1)?
13
Let d(r) = -8*r**2 - 6 + r + 7*r + 6*r. Let a(l) = 3*l**2 - 5*l + 2. Let w(t) = -17*a(t) - 6*d(t). Suppose 2*k = -3*v, 3*v - 9 = -10*k + 11*k. Calculate w(v).
-8
Let r(s) = -2*s**3 + s**2 - 3*s + 3. Let i(f) = -3*f**3 + f**2 - 4*f + 4. Let k(b) = -3*i(b) + 4*r(b). Determine k(-1).
0
Let s = -46 - -39. Let k = 11 + s. Let v(z) = z**3 - 3*z**2 - 4*z. What is v(k)?
0
Let h(l) = -3*l + l**2 + 321 + 10*l + 3*l - 332. Determine h(-8).
-27
Suppose 0 = -2*a + 4*a + 14. Let z = 11 + a. Suppose -5*r = -3*o - 19, z*r = r + 6. Let b(i) = i - 1. Determine b(o).
-4
Let q = -39 + 35. Let c be (-266)/63 + q/(-18). Let a(f) = 3*f. Determine a(c).
-12
Let k(x) be the third derivative of x**5/60 + x**4/24 + 2*x**3/3 + 2*x**2. Let y(i) = -7*i + 3*i**2 - i**3 + 3 + 8*i + 2*i**3. Let s be y(-3). Determine k(s).
4
Let g(t) = -t**3 - 3*t**2 - 3*t. Let q be g(-2). Let v(n) = -n + 4*n**2 - 5*n**q - n. Suppose -2*s - 32 = 14*s. Give v(s).
0
Let y be 16/24*6/(-4). Let o(b) = -24*b**3 + b**2 - b - 1. Give o(y).
25
Let h(d) = -d**3 + 3*d**2 + d + 3. Let y(r) = -r**3 - 14*r**2 + 31*r - 5. Let l be y(-16). Suppose -2*c + l = 4*m + 5, -15 = -5*c - 4*m. Calculate h(c).
6
Let o(v) = 2*v + 6. Let r(y) = y**3 - 6*y**2 + 20. Let n be r(5). Determine o(n).
-4
Let r(a) = -a**2 - 10*a - 8. Suppose 2*h - 9 = -3. Suppose 4*b = 4, 0*b + 12 = -k + h*b. Give r(k).
1
Let z(p) be the second derivative of p**5/20 - 2*p**3/3 - p**2 - 88*p. What is z(-3)?
-17
Let l = -4 - 1. Let q(f) = -8*f + 18. Let n be q(2). Let y(o) = 0 + 5 + 5*o**n + o**3 + 0 + 2*o. Determine y(l).
-5
Let t = 26 - 23. Suppose 5*r + j - 50 = 0, 0 = -t*r + 4*r + j - 10. Suppose 0 = 5*y + 5*d - r, 0 = 3*d + d - 12. Let b(m) = 2*m + 1. Give b(y).
-1
Let b(y) be the third derivative of -y**4/24 - y**3/3 - 61*y**2. Determine b(5).
-7
Let n(s) = -s**2 - 2*s - 4. Let m be n(-3). Let a(o) be the first derivative of -o**2/2 - 12*o + 51. Determine a(m).
-5
Let r(z) = 5*z**2 + 4*z + 5. Let d(b) = -4*b - 6. Let p be d(-3). Let i(x) = 5*x**2 + 3*x + 4. Let j(c) = p*i(c) - 5*r(c). Calculate j(2).
15
Let v(m) = m + 8. Let g be (5 + -4 - 1)*(-2)/4. Determine v(g).
8
Let l(y) = -2 + 110*y - 47*y + 0 - 67*y. Determine l(-4).
14
Let q(s) = s**2 - s. Let x(z) = -3*z**2 + 11*z + 4. Let j(t) = -4*q(t) - x(t). Determine j(-8).
-12
Let x(t) = t**3 + 5*t. Let p be x(0). Let g(s) be the second derivative of 1/12*s**4 - 7/6*s**3 + p + s**2 - 7*s. Calculate g(5).
-8
Let v(x) = -3*x - 18. Let s be v(-7). Let o(f) = -1 - 7*f - 2 + 0 + s*f**2 - 4*f**2. Calculate o(-6).
3
Let a be (7 - (1 - -1)) + 48 + -55. Let n(p) = -p**3 + p**2 + 2*p. Give n(a).
8
Suppose -15*t + 19*t - 68 = 0. Let d = 16 - t. Let w(z) = -7*z**3 - 2*z**2 - 2*z - 1. Give w(d).
6
Let l(w) = -32 - w - 52 + 91. Let p be -1*(-3)/3*-6. Give l(p).
13
Let i be 9/(-21) - (101/(-7) - -1). Let h be (i/((-65)/30))/2. Let b(c) = -2 + 4*c + 0 - 2*c. What is b(h)?
-8
Let n(z) be the second derivative of 7*z**3/6 - z**2/2 - z. Let q be -35*13/(-585) - (-18)/81. What is n(q)?
6
Let g(j) = -j - 15. Let w(t) = t + 34. Let r(c) = -9*g(c) - 4*w(c). What is r(-2)?
-11
Let m(c) = 2*c - 8. Let p be m(6). Suppose -p*z - u = -6, -z = 4*z + 4*u - 13. Let h be 12/(-14)*(z - -6). Let l(w) = -w**3 - 6*w**2 + 2*w + 4. Calculate l(h).
-8
Let d(x) be the first derivative of 1/3*x**3 - 6 + x**2 + x. Let b = -6 + 5. Determine d(b).
0
Let b(m) = m + 11. Let s(g) = g + 12. Let i(p) = 5*b(p) - 4*s(p). Determine 